{"id":9,"date":"2022-09-02T18:09:29","date_gmt":"2022-09-02T18:09:29","guid":{"rendered":"https:\/\/clinicasanchezpuerta.com\/?page_id=9"},"modified":"2022-09-05T16:36:20","modified_gmt":"2022-09-05T16:36:20","slug":"inicio","status":"publish","type":"page","link":"https:\/\/clinicasanchezpuerta.com\/","title":{"rendered":"Inicio"},"content":{"rendered":"\t\t<div data-elementor-type=\"wp-page\" data-elementor-id=\"9\" class=\"elementor elementor-9\">\n\t\t\t\t\t\t\t\t\t<section class=\"elementor-section elementor-top-section elementor-element elementor-element-f7e96a3 elementor-section-boxed elementor-section-height-default elementor-section-height-default\" data-id=\"f7e96a3\" data-element_type=\"section\">\n\t\t\t\t\t\t<div class=\"elementor-container elementor-column-gap-default\">\n\t\t\t\t\t<div class=\"elementor-column elementor-col-100 elementor-top-column elementor-element elementor-element-e1370c9\" data-id=\"e1370c9\" data-element_type=\"column\">\n\t\t\t<div class=\"elementor-widget-wrap elementor-element-populated\">\n\t\t\t\t\t\t\t\t<div class=\"elementor-element elementor-element-8575081 elementor-widget elementor-widget-text-editor\" data-id=\"8575081\" data-element_type=\"widget\" data-widget_type=\"text-editor.default\">\n\t\t\t\t<div class=\"elementor-widget-container\">\n\t\t\t<style>\/*! elementor - v3.7.4 - 31-08-2022 *\/\n.elementor-widget-text-editor.elementor-drop-cap-view-stacked .elementor-drop-cap{background-color:#818a91;color:#fff}.elementor-widget-text-editor.elementor-drop-cap-view-framed .elementor-drop-cap{color:#818a91;border:3px solid;background-color:transparent}.elementor-widget-text-editor:not(.elementor-drop-cap-view-default) .elementor-drop-cap{margin-top:8px}.elementor-widget-text-editor:not(.elementor-drop-cap-view-default) .elementor-drop-cap-letter{width:1em;height:1em}.elementor-widget-text-editor .elementor-drop-cap{float:left;text-align:center;line-height:1;font-size:50px}.elementor-widget-text-editor .elementor-drop-cap-letter{display:inline-block}<\/style>\t\t\t\t<h5 style=\"font-family: Georgia, sans-serif; color: #7a7a7a; text-align: left;\">Bienvenidos a la web de la\u00a0<span style=\"font-weight: bolder;\">Cl\u00ednica S\u00e1nchez Puerta<\/span>. En esta podr\u00e1 conocer con mayor detalle los servicios que prestamos a nuestros pacientes desde hace m\u00e1s cincuenta a\u00f1os.<\/h5><h5 style=\"font-family: Georgia, sans-serif; color: #7a7a7a; text-align: left;\">La medicina en materia de cardiolog\u00eda ha avanzado enormemente en los \u00faltimos a\u00f1os y en consulta consideramos fundamental contar con la m\u00e1s avanzada aparatolog\u00eda para ofrecer as\u00ed la mejor calidad al servicio de la salud de nuestros pacientes.<\/h5><h5 style=\"font-family: Georgia, sans-serif; color: #7a7a7a; text-align: left;\">\u00a0No dude en conocer la cl\u00ednica poni\u00e9ndose en contacto con nosotros a trav\u00e9s de las diversas v\u00edas que ofrece esta web.<\/h5>\t\t\t\t\t\t<\/div>\n\t\t\t\t<\/div>\n\t\t\t\t\t<\/div>\n\t\t<\/div>\n\t\t\t\t\t\t\t<\/div>\n\t\t<\/section>\n\t\t\t\t<section class=\"elementor-section elementor-top-section elementor-element elementor-element-54740b6 elementor-section-content-middle elementor-section-boxed elementor-section-height-default elementor-section-height-default\" data-id=\"54740b6\" data-element_type=\"section\">\n\t\t\t\t\t\t<div class=\"elementor-container elementor-column-gap-default\">\n\t\t\t\t\t<div class=\"elementor-column elementor-col-33 elementor-top-column elementor-element elementor-element-7178c28\" data-id=\"7178c28\" data-element_type=\"column\">\n\t\t\t<div class=\"elementor-widget-wrap elementor-element-populated\">\n\t\t\t\t\t\t\t\t<div class=\"elementor-element elementor-element-e86cc2b elementor-widget elementor-widget-image\" data-id=\"e86cc2b\" data-element_type=\"widget\" data-widget_type=\"image.default\">\n\t\t\t\t<div class=\"elementor-widget-container\">\n\t\t\t<style>\/*! elementor - v3.7.4 - 31-08-2022 *\/\n.elementor-widget-image{text-align:center}.elementor-widget-image a{display:inline-block}.elementor-widget-image a img[src$=\".svg\"]{width:48px}.elementor-widget-image img{vertical-align:middle;display:inline-block}<\/style>\t\t\t\t\t\t\t\t\t\t\t\t<img width=\"800\" height=\"580\" src=\"https:\/\/clinicasanchezpuerta.com\/wp-content\/uploads\/2022\/09\/foto-1-1024x743.jpg\" class=\"attachment-large size-large\" alt=\"\" loading=\"lazy\" srcset=\"https:\/\/clinicasanchezpuerta.com\/wp-content\/uploads\/2022\/09\/foto-1-1024x743.jpg 1024w, https:\/\/clinicasanchezpuerta.com\/wp-content\/uploads\/2022\/09\/foto-1-300x218.jpg 300w, https:\/\/clinicasanchezpuerta.com\/wp-content\/uploads\/2022\/09\/foto-1-768x557.jpg 768w, https:\/\/clinicasanchezpuerta.com\/wp-content\/uploads\/2022\/09\/foto-1.jpg 1224w\" sizes=\"(max-width: 800px) 100vw, 800px\" \/>\t\t\t\t\t\t\t\t\t\t\t\t\t\t\t<\/div>\n\t\t\t\t<\/div>\n\t\t\t\t\t<\/div>\n\t\t<\/div>\n\t\t\t\t<div class=\"elementor-column elementor-col-33 elementor-top-column elementor-element elementor-element-6a8b6fc\" data-id=\"6a8b6fc\" data-element_type=\"column\">\n\t\t\t<div class=\"elementor-widget-wrap elementor-element-populated\">\n\t\t\t\t\t\t\t\t<div class=\"elementor-element elementor-element-7134125 elementor-widget elementor-widget-image\" data-id=\"7134125\" data-element_type=\"widget\" data-widget_type=\"image.default\">\n\t\t\t\t<div class=\"elementor-widget-container\">\n\t\t\t\t\t\t\t\t\t\t\t\t\t\t\t<img width=\"413\" height=\"300\" src=\"https:\/\/clinicasanchezpuerta.com\/wp-content\/uploads\/2022\/09\/foto-2-2.jpg\" class=\"attachment-large size-large\" alt=\"\" loading=\"lazy\" srcset=\"https:\/\/clinicasanchezpuerta.com\/wp-content\/uploads\/2022\/09\/foto-2-2.jpg 413w, https:\/\/clinicasanchezpuerta.com\/wp-content\/uploads\/2022\/09\/foto-2-2-300x218.jpg 300w\" sizes=\"(max-width: 413px) 100vw, 413px\" \/>\t\t\t\t\t\t\t\t\t\t\t\t\t\t\t<\/div>\n\t\t\t\t<\/div>\n\t\t\t\t\t<\/div>\n\t\t<\/div>\n\t\t\t\t<div class=\"elementor-column elementor-col-33 elementor-top-column elementor-element elementor-element-71cc39d\" data-id=\"71cc39d\" data-element_type=\"column\">\n\t\t\t<div class=\"elementor-widget-wrap elementor-element-populated\">\n\t\t\t\t\t\t\t\t<div class=\"elementor-element elementor-element-10411bf elementor-widget elementor-widget-image\" data-id=\"10411bf\" data-element_type=\"widget\" data-widget_type=\"image.default\">\n\t\t\t\t<div class=\"elementor-widget-container\">\n\t\t\t\t\t\t\t\t\t\t\t\t\t\t\t<img width=\"363\" height=\"264\" src=\"https:\/\/clinicasanchezpuerta.com\/wp-content\/uploads\/2022\/09\/foto-4-1.jpg\" class=\"attachment-medium_large size-medium_large\" alt=\"\" loading=\"lazy\" srcset=\"https:\/\/clinicasanchezpuerta.com\/wp-content\/uploads\/2022\/09\/foto-4-1.jpg 363w, https:\/\/clinicasanchezpuerta.com\/wp-content\/uploads\/2022\/09\/foto-4-1-300x218.jpg 300w\" sizes=\"(max-width: 363px) 100vw, 363px\" \/>\t\t\t\t\t\t\t\t\t\t\t\t\t\t\t<\/div>\n\t\t\t\t<\/div>\n\t\t\t\t\t<\/div>\n\t\t<\/div>\n\t\t\t\t\t\t\t<\/div>\n\t\t<\/section>\n\t\t\t\t<section class=\"elementor-section elementor-top-section elementor-element elementor-element-4abb9f9 elementor-section-boxed elementor-section-height-default elementor-section-height-default\" data-id=\"4abb9f9\" data-element_type=\"section\">\n\t\t\t\t\t\t<div class=\"elementor-container elementor-column-gap-default\">\n\t\t\t\t\t<div class=\"elementor-column elementor-col-100 elementor-top-column elementor-element elementor-element-31d3914\" data-id=\"31d3914\" data-element_type=\"column\">\n\t\t\t<div class=\"elementor-widget-wrap elementor-element-populated\">\n\t\t\t\t\t\t\t\t<div class=\"elementor-element elementor-element-3db78f4 elementor-align-center elementor-widget elementor-widget-button\" data-id=\"3db78f4\" data-element_type=\"widget\" data-widget_type=\"button.default\">\n\t\t\t\t<div class=\"elementor-widget-container\">\n\t\t\t\t\t<div class=\"elementor-button-wrapper\">\n\t\t\t<a href=\"https:\/\/clinicasanchezpuerta.com\/index.php\/contacto\/\" class=\"elementor-button-link elementor-button elementor-size-sm\" role=\"button\">\n\t\t\t\t\t\t<span class=\"elementor-button-content-wrapper\">\n\t\t\t\t\t\t\t<span class=\"elementor-button-icon elementor-align-icon-right\">\n\t\t\t\t<i aria-hidden=\"true\" class=\"fas fa-phone-alt\"><\/i>\t\t\t<\/span>\n\t\t\t\t\t\t<span class=\"elementor-button-text\">Contacte con nosotros<\/span>\n\t\t<\/span>\n\t\t\t\t\t<\/a>\n\t\t<\/div>\n\t\t\t\t<\/div>\n\t\t\t\t<\/div>\n\t\t\t\t\t<\/div>\n\t\t<\/div>\n\t\t\t\t\t\t\t<\/div>\n\t\t<\/section>\n\t\t\t\t<section class=\"elementor-section elementor-top-section elementor-element elementor-element-8d52b17 elementor-section-boxed elementor-section-height-default elementor-section-height-default\" data-id=\"8d52b17\" data-element_type=\"section\">\n\t\t\t\t\t\t<div class=\"elementor-container elementor-column-gap-default\">\n\t\t\t\t\t<div class=\"elementor-column elementor-col-100 elementor-top-column elementor-element elementor-element-fed61b3\" data-id=\"fed61b3\" data-element_type=\"column\">\n\t\t\t<div class=\"elementor-widget-wrap elementor-element-populated\">\n\t\t\t\t\t\t\t\t<div class=\"elementor-element elementor-element-d54ae77 elementor-widget elementor-widget-image\" data-id=\"d54ae77\" data-element_type=\"widget\" data-widget_type=\"image.default\">\n\t\t\t\t<div class=\"elementor-widget-container\">\n\t\t\t\t\t\t\t\t\t\t\t\t\t\t\t<img width=\"2560\" height=\"246\" src=\"https:\/\/clinicasanchezpuerta.com\/wp-content\/uploads\/2022\/09\/franja-1-1.jpg\" class=\"attachment-full size-full\" alt=\"\" loading=\"lazy\" srcset=\"https:\/\/clinicasanchezpuerta.com\/wp-content\/uploads\/2022\/09\/franja-1-1.jpg 2560w, https:\/\/clinicasanchezpuerta.com\/wp-content\/uploads\/2022\/09\/franja-1-1-300x29.jpg 300w, https:\/\/clinicasanchezpuerta.com\/wp-content\/uploads\/2022\/09\/franja-1-1-1024x98.jpg 1024w, https:\/\/clinicasanchezpuerta.com\/wp-content\/uploads\/2022\/09\/franja-1-1-768x74.jpg 768w, https:\/\/clinicasanchezpuerta.com\/wp-content\/uploads\/2022\/09\/franja-1-1-1536x148.jpg 1536w, https:\/\/clinicasanchezpuerta.com\/wp-content\/uploads\/2022\/09\/franja-1-1-2048x197.jpg 2048w\" sizes=\"(max-width: 2560px) 100vw, 2560px\" \/>\t\t\t\t\t\t\t\t\t\t\t\t\t\t\t<\/div>\n\t\t\t\t<\/div>\n\t\t\t\t\t<\/div>\n\t\t<\/div>\n\t\t\t\t\t\t\t<\/div>\n\t\t<\/section>\n\t\t\t\t\t\t\t<\/div>\n\t\t","protected":false},"excerpt":{"rendered":"<p>Bienvenidos a la web de la&nbsp;Cl\u00ednica S\u00e1nchez Puerta. En esta podr\u00e1 conocer con mayor detalle los servicios que prestamos a nuestros pacientes desde hace m\u00e1s cincuenta a\u00f1os. La medicina en materia de cardiolog\u00eda ha avanzado enormemente en los \u00faltimos a\u00f1os y en consulta consideramos fundamental contar con la m\u00e1s avanzada aparatolog\u00eda para ofrecer as\u00ed la [&hellip;]<\/p>\n","protected":false},"author":1,"featured_media":0,"parent":0,"menu_order":0,"comment_status":"closed","ping_status":"closed","template":"","meta":{"om_disable_all_campaigns":false,"_monsterinsights_skip_tracking":false,"_monsterinsights_sitenote_active":false,"_monsterinsights_sitenote_note":"","_monsterinsights_sitenote_category":0},"aioseo_notices":[],"_links":{"self":[{"href":"https:\/\/clinicasanchezpuerta.com\/index.php\/wp-json\/wp\/v2\/pages\/9"}],"collection":[{"href":"https:\/\/clinicasanchezpuerta.com\/index.php\/wp-json\/wp\/v2\/pages"}],"about":[{"href":"https:\/\/clinicasanchezpuerta.com\/index.php\/wp-json\/wp\/v2\/types\/page"}],"author":[{"embeddable":true,"href":"https:\/\/clinicasanchezpuerta.com\/index.php\/wp-json\/wp\/v2\/users\/1"}],"replies":[{"embeddable":true,"href":"https:\/\/clinicasanchezpuerta.com\/index.php\/wp-json\/wp\/v2\/comments?post=9"}],"version-history":[{"count":39,"href":"https:\/\/clinicasanchezpuerta.com\/index.php\/wp-json\/wp\/v2\/pages\/9\/revisions"}],"predecessor-version":[{"id":124,"href":"https:\/\/clinicasanchezpuerta.com\/index.php\/wp-json\/wp\/v2\/pages\/9\/revisions\/124"}],"wp:attachment":[{"href":"https:\/\/clinicasanchezpuerta.com\/index.php\/wp-json\/wp\/v2\/media?parent=9"}],"curies":[{"name":"wp","href":"https:\/\/api.w.org\/{rel}","templated":true}]}}